{"id":2,"date":"2024-12-04T22:52:12","date_gmt":"2024-12-04T22:52:12","guid":{"rendered":"https:\/\/wyrwal.org\/?page_id=2"},"modified":"2025-03-27T23:28:29","modified_gmt":"2025-03-27T23:28:29","slug":"sample-page","status":"publish","type":"page","link":"https:\/\/wyrwal.org\/","title":{"rendered":"Witamy na wyrwal.org"},"content":{"rendered":"\n<p>Kontakt w firm\u0105 FOXE tel.: 664 15 99 33 (poniedzia\u0142ek &#8211; pi\u0105tek w godzinach 9:00-18:00) lub bok(at)foxe.pl (at) prosz\u0119 zamieni\u0107 na @<\/p>\n\n\n\n<p><\/p>\n","protected":false},"excerpt":{"rendered":"<p>Kontakt w firm\u0105 FOXE tel.: 664 15 99 33 (poniedzia\u0142ek &#8211; pi\u0105tek w godzinach 9:00-18:00) lub bok(at)foxe.pl (at) prosz\u0119 zamieni\u0107 na @<\/p>\n","protected":false},"author":1,"featured_media":0,"parent":0,"menu_order":0,"comment_status":"closed","ping_status":"open","template":"","meta":{"footnotes":""},"class_list":["post-2","page","type-page","status-publish","hentry"],"_links":{"self":[{"href":"https:\/\/wyrwal.org\/index.php?rest_route=\/wp\/v2\/pages\/2","targetHints":{"allow":["GET"]}}],"collection":[{"href":"https:\/\/wyrwal.org\/index.php?rest_route=\/wp\/v2\/pages"}],"about":[{"href":"https:\/\/wyrwal.org\/index.php?rest_route=\/wp\/v2\/types\/page"}],"author":[{"embeddable":true,"href":"https:\/\/wyrwal.org\/index.php?rest_route=\/wp\/v2\/users\/1"}],"replies":[{"embeddable":true,"href":"https:\/\/wyrwal.org\/index.php?rest_route=%2Fwp%2Fv2%2Fcomments&post=2"}],"version-history":[{"count":4,"href":"https:\/\/wyrwal.org\/index.php?rest_route=\/wp\/v2\/pages\/2\/revisions"}],"predecessor-version":[{"id":16,"href":"https:\/\/wyrwal.org\/index.php?rest_route=\/wp\/v2\/pages\/2\/revisions\/16"}],"wp:attachment":[{"href":"https:\/\/wyrwal.org\/index.php?rest_route=%2Fwp%2Fv2%2Fmedia&parent=2"}],"curies":[{"name":"wp","href":"https:\/\/api.w.org\/{rel}","templated":true}]}}